{"id":247,"date":"2026-03-08T17:29:10","date_gmt":"2026-03-08T16:29:10","guid":{"rendered":"https:\/\/www.growmaster.sk\/eshop\/?post_type=product&#038;p=247"},"modified":"2026-04-08T21:38:16","modified_gmt":"2026-04-08T19:38:16","slug":"gm-l130w-sun-2700k","status":"publish","type":"product","link":"https:\/\/www.growmaster.sk\/eshop\/produkt\/gm-l130w-sun-2700k\/","title":{"rendered":"GM-L130W Sun\u00ae 2700K"},"content":{"rendered":"<h2 class=\"\" data-start=\"153\" data-end=\"193\"><strong data-start=\"159\" data-end=\"191\">GM-L130W Sun\u00ae Vero 2700K \u2013 130W<\/strong><\/h2>\n<h3 class=\"\" data-start=\"194\" data-end=\"252\">Profesion\u00e1lne pestovacie osvetlenie pre kvetov\u00fa f\u00e1zu rastu<\/h3>\n<p class=\"\" data-start=\"254\" data-end=\"427\">Zaisti svojim rastlin\u00e1m maximum svetelnej energie s touto inteligentnou a mimoriadne v\u00fdkonnou LED lampou <strong>GM-L130W Sun\u00ae Vero2700K<\/strong> , navrhnutou \u0161peci\u00e1lne pre podporu rastl\u00edn po\u010das kvetovej f\u00e1zy rastu. Vytvorte v\u010faka spojeniu so syst\u00e9mom <strong>Growmaster\u00ae <\/strong>dokonale realistick\u00e9 prostredie pre zdrav\u00fd v\u00fdvoj rastl\u00edn.<\/p>\n<hr class=\"\" data-start=\"429\" data-end=\"432\" \/>\n<h3 class=\"\" data-start=\"434\" data-end=\"458\"><strong data-start=\"440\" data-end=\"458\">Hlavn\u00e9 v\u00fdhody:<\/strong><\/h3>\n<ul>\n<li>\u00a0<strong>Tepl\u00e1 farba svetla (2700K)<\/strong>\u00a0\u2013 ide\u00e1lna pre kvitn\u00facu f\u00e1zu rastl\u00edn, podporuje tvorbu kvetov a plodov<\/li>\n<li><strong>\u00a0Technol\u00f3gia Bridgelux Vero\u00ae<\/strong>\u00a0\u2013 spo\u013eahliv\u00fd \u010dip s vysokou \u00fa\u010dinnos\u0165ou a v\u00fdborn\u00fdm farebn\u00fdm spektrom<\/li>\n<li>\u00a0<strong>Skuto\u010dn\u00fd pr\u00edkon len 130W<\/strong>\u00a0\u2013 efekt\u00edvny sveteln\u00fd v\u00fdstup bez zbyto\u010dn\u00e9ho odberu energie<\/li>\n<li>\u00a0<strong>Kompatibilita so syst\u00e9mom Growmaster\u00ae<\/strong>\u00a0\u2013 v\u0161etko pre auton\u00f3mne pestovanie rastl\u00edn<\/li>\n<li>\u00a0<strong>Optimalizovan\u00e9 PAR spektrum<\/strong>\u00a0\u2013 podporuje fotosynt\u00e9zu, metabolizmus a zdrav\u00fd rast<\/li>\n<li><strong>Akt\u00edvne chladenie<\/strong>\u00a0\u2013 pre zachovanie dlhej \u017eivotnosti a spo\u013eahlivosti<\/li>\n<li>\u00a0<strong>Robustn\u00e1 hlin\u00edkov\u00e1 kon\u0161trukcia<\/strong>\u00a0\u2013 dlh\u00e1 \u017eivotnos\u0165 a vysok\u00e1 odolnos\u0165<\/li>\n<li><strong>Z\u00e1ruka 5 rokov<\/strong><\/li>\n<\/ul>\n<hr class=\"\" data-start=\"990\" data-end=\"993\" \/>\n<h3 class=\"\" data-start=\"995\" data-end=\"1029\"><strong data-start=\"1002\" data-end=\"1029\">Technick\u00e9 \u0161pecifik\u00e1cie:<\/strong><\/h3>\n<ul>\n<li><strong data-start=\"1032\" data-end=\"1047\">Model \u010dipu:<\/strong> Bridgelux Vero29<strong data-start=\"322\" data-end=\"354\">\u00ae<\/strong><\/li>\n<li><strong>Po\u010det COB:<\/strong> 1<\/li>\n<li><strong data-start=\"1067\" data-end=\"1084\">Sveteln\u00fd tok:\u00a0<\/strong>153lm\/W<\/li>\n<li><strong>PPF (0,3 m\u00b2)<\/strong>: 870 \u00b5mol\/m\u00b2\/s (ekvivalent 500W HPS v\u00fdbojky)<\/li>\n<li><strong data-start=\"1101\" data-end=\"1121\">Farebn\u00e1 teplota:<\/strong> 2700K (tepl\u00e1 biela)<\/li>\n<li><strong data-start=\"1144\" data-end=\"1157\">Spotreba:<\/strong> 130 W<\/li>\n<li><strong data-start=\"1166\" data-end=\"1180\">Chladenie:<\/strong>\u00a0akt\u00edvne \u2013 inteligentn\u00e9 riadenie<\/li>\n<li><strong data-start=\"1201\" data-end=\"1215\">Nap\u00e1janie:<\/strong>\u00a0230 V\/50Hz<\/li>\n<li><strong>Uhol vy\u017earovania:<\/strong>\u00a0120\u00b0<\/li>\n<li><strong data-start=\"1242\" data-end=\"1275\">Odpor\u00fa\u010dan\u00e1 plocha osvetlenia:<\/strong>\u00a0do 80 \u00d7 80 cm<\/li>\n<li><strong>\u017divotnos\u0165:<\/strong> 50 000 hod\u00edn<\/li>\n<\/ul>\n<hr class=\"\" data-start=\"1291\" data-end=\"1294\" \/>\n<h3 class=\"\" data-start=\"1296\" data-end=\"1324\"><strong data-start=\"1303\" data-end=\"1324\">Ide\u00e1lne pou\u017eitie:<\/strong><\/h3>\n<ul>\n<li data-start=\"1327\" data-end=\"1372\">Dom\u00e1ce pestovanie ovocia, zeleniny a byliniek<\/li>\n<li>Ter\u00e1ria alebo akv\u00e1ria<\/li>\n<li>Botanick\u00e9 z\u00e1hrady, zimn\u00e9 z\u00e1hrady alebo terasy<\/li>\n<li data-start=\"1375\" data-end=\"1411\">Pestovanie v laborat\u00f3riach, growboxoch a sklen\u00edkoch<\/li>\n<li data-start=\"1414\" data-end=\"1455\">Prechod z rastovej f\u00e1zy do f\u00e1zy kvitnutia<\/li>\n<li data-start=\"1458\" data-end=\"1522\">Podpora intenz\u00edvneho kvitnutia, hust\u00fdch kvetov a vy\u0161\u0161\u00edch v\u00fdnosov<\/li>\n<\/ul>\n<p>&nbsp;<\/p>\n<blockquote data-start=\"1566\" data-end=\"1768\">\n<p class=\"\" data-start=\"1568\" data-end=\"1768\">\u201eT\u00e1to lampa sp\u00e1ja profesion\u00e1lny v\u00fdkon, overen\u00fa kvalitu Bridgelux \u010dipu a elegantn\u00e9 rie\u0161enie\u00a0 inteligentn\u00e9ho riadenia intenzity osvetlenia. Skvel\u00e1 vo\u013eba pre ka\u017ed\u00e9ho pestovate\u013ea, ktor\u00fd chce vysok\u00fd v\u00fdnos s minim\u00e1lnou spotrebou a maxim\u00e1lnou efektivitou.\u201c<\/p>\n<\/blockquote>\n<hr class=\"\" data-start=\"1770\" data-end=\"1773\" \/>\n<h3 class=\"\" data-start=\"1775\" data-end=\"1803\"><strong data-start=\"1782\" data-end=\"1803\">Balenie obsahuje:<\/strong><\/h3>\n<ul>\n<li>1\u00d7 LED Sun\u00ae Vero 2700K \u2013 130W modul<\/li>\n<li>1\u00d7 Zavesenie pre osvetlenie<\/li>\n<li>1\u00d7 nap\u00e1jac\u00ed adapt\u00e9r<\/li>\n<li>1\u00d7 mont\u00e1\u017ena sada<\/li>\n<li>N\u00e1vod na pou\u017e\u00edvanie<\/li>\n<\/ul>\n","protected":false},"excerpt":{"rendered":"<p>Inteligentn\u00e9 130W LED COB osvetlenie s \u010dipom Vero\u00ae od Bridgeluxu. Profesion\u00e1lne pestovacie osvetlenie pre vegeta\u010dn\u00fa f\u00e1zu kvetu. T\u00fato lampu jednoducho pripoj\u00edte k rozhraniu Growmaster\u00ae a z\u00edskate v\u0161etky jej funkcie vr\u00e1tane stmievania a \u010dasovania a \u010fal\u0161\u00edch funkci\u00ed ktor\u00e9 tento syst\u00e9m pon\u00faka.<\/p>\n","protected":false},"featured_media":248,"comment_status":"open","ping_status":"closed","template":"","meta":[],"product_brand":[30,40,29],"product_cat":[28],"product_tag":[74,71,53,73,24],"class_list":{"0":"post-247","1":"product","2":"type-product","3":"status-publish","4":"has-post-thumbnail","6":"product_brand-growmaster-sun","7":"product_brand-growmaster","8":"product_brand-sun","9":"product_cat-grow-lampa","10":"product_tag-cob-lampa","11":"product_tag-inteligentne-osvetlenie","12":"product_tag-led","13":"product_tag-zahradna","14":"product_tag-zahradne-osvetlenie","16":"first","17":"instock","18":"taxable","19":"shipping-taxable","20":"purchasable","21":"product-type-simple"},"jetpack_sharing_enabled":true,"_links":{"self":[{"href":"https:\/\/www.growmaster.sk\/eshop\/wp-json\/wp\/v2\/product\/247","targetHints":{"allow":["GET"]}}],"collection":[{"href":"https:\/\/www.growmaster.sk\/eshop\/wp-json\/wp\/v2\/product"}],"about":[{"href":"https:\/\/www.growmaster.sk\/eshop\/wp-json\/wp\/v2\/types\/product"}],"replies":[{"embeddable":true,"href":"https:\/\/www.growmaster.sk\/eshop\/wp-json\/wp\/v2\/comments?post=247"}],"wp:featuredmedia":[{"embeddable":true,"href":"https:\/\/www.growmaster.sk\/eshop\/wp-json\/wp\/v2\/media\/248"}],"wp:attachment":[{"href":"https:\/\/www.growmaster.sk\/eshop\/wp-json\/wp\/v2\/media?parent=247"}],"wp:term":[{"taxonomy":"product_brand","embeddable":true,"href":"https:\/\/www.growmaster.sk\/eshop\/wp-json\/wp\/v2\/product_brand?post=247"},{"taxonomy":"product_cat","embeddable":true,"href":"https:\/\/www.growmaster.sk\/eshop\/wp-json\/wp\/v2\/product_cat?post=247"},{"taxonomy":"product_tag","embeddable":true,"href":"https:\/\/www.growmaster.sk\/eshop\/wp-json\/wp\/v2\/product_tag?post=247"}],"curies":[{"name":"wp","href":"https:\/\/api.w.org\/{rel}","templated":true}]}}