{"id":7,"date":"2025-02-16T16:00:24","date_gmt":"2025-02-16T15:00:24","guid":{"rendered":"https:\/\/www.growmaster.sk\/eshop\/index.php\/cart\/"},"modified":"2026-03-08T20:34:25","modified_gmt":"2026-03-08T19:34:25","slug":"kosik","status":"publish","type":"page","link":"https:\/\/www.growmaster.sk\/eshop\/kosik\/","title":{"rendered":"N\u00e1kupn\u00fd ko\u0161ik"},"content":{"rendered":"<div data-block-name=\"woocommerce\/cart\" class=\"wp-block-woocommerce-cart alignwide is-loading\"><div data-block-name=\"woocommerce\/filled-cart-block\" class=\"wp-block-woocommerce-filled-cart-block\"><div data-block-name=\"woocommerce\/cart-items-block\" class=\"wp-block-woocommerce-cart-items-block\"><div data-block-name=\"woocommerce\/cart-line-items-block\" class=\"wp-block-woocommerce-cart-line-items-block\">\u00a0<\/div>\r\n\r\n<div data-block-name=\"woocommerce\/cart-cross-sells-block\" class=\"wp-block-woocommerce-cart-cross-sells-block\"><h2 class=\"wp-block-heading has-large-font-size\">You may be interested in\u2026<\/h2>\r\n\r\n<div data-block-name=\"woocommerce\/cart-cross-sells-products-block\" class=\"wp-block-woocommerce-cart-cross-sells-products-block\">\u00a0<\/div><\/div><\/div>\r\n\r\n<div data-block-name=\"woocommerce\/cart-totals-block\" class=\"wp-block-woocommerce-cart-totals-block\"><div data-block-name=\"woocommerce\/cart-order-summary-block\" class=\"wp-block-woocommerce-cart-order-summary-block\"><div data-block-name=\"woocommerce\/cart-order-summary-heading-block\" class=\"wp-block-woocommerce-cart-order-summary-heading-block\">\u00a0<\/div>\r\n\r\n<div data-block-name=\"woocommerce\/cart-order-summary-coupon-form-block\" class=\"wp-block-woocommerce-cart-order-summary-coupon-form-block\">\u00a0<\/div>\r\n\r\n\r\n\r\n\r\n\r\n\r\n\r\n\r\n\r\n<div data-block-name=\"woocommerce\/cart-order-summary-totals-block\" class=\"wp-block-woocommerce-cart-order-summary-totals-block\">\n<div data-block-name=\"woocommerce\/cart-order-summary-subtotal-block\" class=\"wp-block-woocommerce-cart-order-summary-subtotal-block\">\u00a0<\/div>\n<div data-block-name=\"woocommerce\/cart-order-summary-discount-block\" class=\"wp-block-woocommerce-cart-order-summary-discount-block\">\u00a0<\/div>\n<div data-block-name=\"woocommerce\/cart-order-summary-fee-block\" class=\"wp-block-woocommerce-cart-order-summary-fee-block\">\u00a0<\/div>\n<div data-block-name=\"woocommerce\/cart-order-summary-shipping-block\" class=\"wp-block-woocommerce-cart-order-summary-shipping-block\">\u00a0<\/div>\n<div data-block-name=\"woocommerce\/cart-order-summary-taxes-block\" class=\"wp-block-woocommerce-cart-order-summary-taxes-block\">\u00a0<\/div><\/div><\/div>\r\n\r\n<div data-block-name=\"woocommerce\/cart-express-payment-block\" class=\"wp-block-woocommerce-cart-express-payment-block\">\u00a0<\/div>\r\n\r\n<div data-block-name=\"woocommerce\/proceed-to-checkout-block\" class=\"wp-block-woocommerce-proceed-to-checkout-block\">\u00a0<\/div>\r\n\r\n<div data-block-name=\"woocommerce\/cart-accepted-payment-methods-block\" class=\"wp-block-woocommerce-cart-accepted-payment-methods-block\">\u00a0<\/div><\/div><\/div>\r\n\r\n<div data-block-name=\"woocommerce\/empty-cart-block\" class=\"wp-block-woocommerce-empty-cart-block\"><h2 class=\"wp-block-heading has-text-align-center with-empty-cart-icon wc-block-cart__empty-cart__title\">V\u00e1\u0161 ko\u0161\u00edk je pr\u00e1zdny<\/h2>\r\n\r\n<hr class=\"wp-block-separator has-alpha-channel-opacity is-style-dots\" \/>\r\n\r\n<h2 class=\"wp-block-heading has-text-align-center\">Nov\u00e9 v obchode<\/h2>\r\n\r\n<div data-block-name=\"woocommerce\/product-new\" data-columns=\"4\" data-rows=\"1\" class=\"wc-block-grid wp-block-product-new wp-block-woocommerce-product-new wc-block-product-new has-4-columns\"><ul class=\"wc-block-grid__products\"><li class=\"wc-block-grid__product\">\n\t\t\t\t<a href=\"https:\/\/www.growmaster.sk\/eshop\/produkt\/ultrazvukovy-zvlhcovac-vzduchu-ram-5l-400-ml-h\/\" class=\"wc-block-grid__product-link\">\n\t\t\t\t\t\n\t\t\t\t\t<div class=\"wc-block-grid__product-image\"><img loading=\"lazy\" decoding=\"async\" width=\"300\" height=\"300\" src=\"https:\/\/www.growmaster.sk\/eshop\/wp-content\/uploads\/2026\/04\/8775-4_36578-ultrazvukovy-zvlhcovac-ram-5l-300x300.webp\" class=\"attachment-woocommerce_thumbnail size-woocommerce_thumbnail\" alt=\"Ultrazvukov\u00fd zvlh\u010dova\u010d vzduchu  RAM 5L s adapt\u00e9rom\" srcset=\"https:\/\/www.growmaster.sk\/eshop\/wp-content\/uploads\/2026\/04\/8775-4_36578-ultrazvukovy-zvlhcovac-ram-5l-300x300.webp 300w, https:\/\/www.growmaster.sk\/eshop\/wp-content\/uploads\/2026\/04\/8775-4_36578-ultrazvukovy-zvlhcovac-ram-5l-150x150.webp 150w, https:\/\/www.growmaster.sk\/eshop\/wp-content\/uploads\/2026\/04\/8775-4_36578-ultrazvukovy-zvlhcovac-ram-5l-100x100.webp 100w\" sizes=\"auto, (max-width: 300px) 100vw, 300px\" \/><\/div>\n\t\t\t\t\t<div class=\"wc-block-grid__product-title\">Ultrazvukov\u00fd zvlh\u010dova\u010d vzduchu  RAM 5L s adapt\u00e9rom<\/div>\n\t\t\t\t<\/a>\n\t\t\t\t<div class=\"wc-block-grid__product-price price\"><span class=\"woocommerce-Price-amount amount\">230,00&nbsp;<span class=\"woocommerce-Price-currencySymbol\">&euro;<\/span><\/span><\/div>\n\t\t\t\t\n\t\t\t\t<div class=\"wp-block-button wc-block-grid__product-add-to-cart\"><a href=\"?add-to-cart=267\" aria-label=\"Add to cart: &ldquo;Ultrazvukov\u00fd zvlh\u010dova\u010d vzduchu  RAM 5L s adapt\u00e9rom&rdquo;\" data-quantity=\"1\" data-product_id=\"267\" data-product_sku=\"\" data-price=\"230\" rel=\"nofollow\" class=\"wp-block-button__link  add_to_cart_button ajax_add_to_cart\">Prida\u0165 do ko\u0161\u00edka<\/a><\/div>\n\t\t\t<\/li><li class=\"wc-block-grid__product\">\n\t\t\t\t<a href=\"https:\/\/www.growmaster.sk\/eshop\/produkt\/gm-l130w-sun-2700k\/\" class=\"wc-block-grid__product-link\">\n\t\t\t\t\t\n\t\t\t\t\t<div class=\"wc-block-grid__product-image\"><img loading=\"lazy\" decoding=\"async\" width=\"300\" height=\"300\" src=\"https:\/\/www.growmaster.sk\/eshop\/wp-content\/uploads\/2026\/03\/growmaster-sun2-side-300x300.png\" class=\"attachment-woocommerce_thumbnail size-woocommerce_thumbnail\" alt=\"GM-L130W Sun\u00ae 2700K\" srcset=\"https:\/\/www.growmaster.sk\/eshop\/wp-content\/uploads\/2026\/03\/growmaster-sun2-side-300x300.png 300w, https:\/\/www.growmaster.sk\/eshop\/wp-content\/uploads\/2026\/03\/growmaster-sun2-side-150x150.png 150w, https:\/\/www.growmaster.sk\/eshop\/wp-content\/uploads\/2026\/03\/growmaster-sun2-side-100x100.png 100w\" sizes=\"auto, (max-width: 300px) 100vw, 300px\" \/><\/div>\n\t\t\t\t\t<div class=\"wc-block-grid__product-title\">GM-L130W Sun\u00ae 2700K<\/div>\n\t\t\t\t<\/a>\n\t\t\t\t<div class=\"wc-block-grid__product-price price\"><span class=\"woocommerce-Price-amount amount\">1280,00&nbsp;<span class=\"woocommerce-Price-currencySymbol\">&euro;<\/span><\/span><\/div>\n\t\t\t\t\n\t\t\t\t<div class=\"wp-block-button wc-block-grid__product-add-to-cart\"><a href=\"?add-to-cart=247\" aria-label=\"Add to cart: &ldquo;GM-L130W Sun\u00ae 2700K&rdquo;\" data-quantity=\"1\" data-product_id=\"247\" data-product_sku=\"\" data-price=\"1280\" rel=\"nofollow\" class=\"wp-block-button__link  add_to_cart_button ajax_add_to_cart\">Prida\u0165 do ko\u0161\u00edka<\/a><\/div>\n\t\t\t<\/li><li class=\"wc-block-grid__product\">\n\t\t\t\t<a href=\"https:\/\/www.growmaster.sk\/eshop\/produkt\/zakladna-instalacia-systemu-do-growboxu\/\" class=\"wc-block-grid__product-link\">\n\t\t\t\t\t\n\t\t\t\t\t<div class=\"wc-block-grid__product-image\"><img loading=\"lazy\" decoding=\"async\" width=\"300\" height=\"300\" src=\"https:\/\/www.growmaster.sk\/eshop\/wp-content\/uploads\/2025\/09\/growmaster-visual-300x300.png\" class=\"attachment-woocommerce_thumbnail size-woocommerce_thumbnail\" alt=\"growmaster-growbox\" srcset=\"https:\/\/www.growmaster.sk\/eshop\/wp-content\/uploads\/2025\/09\/growmaster-visual-300x300.png 300w, https:\/\/www.growmaster.sk\/eshop\/wp-content\/uploads\/2025\/09\/growmaster-visual-150x150.png 150w, https:\/\/www.growmaster.sk\/eshop\/wp-content\/uploads\/2025\/09\/growmaster-visual-100x100.png 100w\" sizes=\"auto, (max-width: 300px) 100vw, 300px\" \/><\/div>\n\t\t\t\t\t<div class=\"wc-block-grid__product-title\">Z\u00e1kladn\u00e1 sada pre growboxy a skrine<\/div>\n\t\t\t\t<\/a>\n\t\t\t\t<div class=\"wc-block-grid__product-price price\"><span class=\"woocommerce-Price-amount amount\">1490,00&nbsp;<span class=\"woocommerce-Price-currencySymbol\">&euro;<\/span><\/span><\/div>\n\t\t\t\t\n\t\t\t\t<div class=\"wp-block-button wc-block-grid__product-add-to-cart\"><a href=\"?add-to-cart=226\" aria-label=\"Add to cart: &ldquo;Z\u00e1kladn\u00e1 sada pre growboxy a skrine&rdquo;\" data-quantity=\"1\" data-product_id=\"226\" data-product_sku=\"\" data-price=\"1490\" rel=\"nofollow\" class=\"wp-block-button__link  add_to_cart_button ajax_add_to_cart\">Prida\u0165 do ko\u0161\u00edka<\/a><\/div>\n\t\t\t<\/li><li class=\"wc-block-grid__product\">\n\t\t\t\t<a href=\"https:\/\/www.growmaster.sk\/eshop\/produkt\/zvlhcovac-vzduchu-ultrasonicfog\/\" class=\"wc-block-grid__product-link\">\n\t\t\t\t\t\n\t\t\t\t\t<div class=\"wc-block-grid__product-image\"><img loading=\"lazy\" decoding=\"async\" width=\"300\" height=\"300\" src=\"https:\/\/www.growmaster.sk\/eshop\/wp-content\/uploads\/woocommerce-placeholder-300x300.png\" class=\"woocommerce-placeholder wp-post-image\" alt=\"\" srcset=\"https:\/\/www.growmaster.sk\/eshop\/wp-content\/uploads\/woocommerce-placeholder-300x300.png 300w, https:\/\/www.growmaster.sk\/eshop\/wp-content\/uploads\/woocommerce-placeholder-100x100.png 100w, https:\/\/www.growmaster.sk\/eshop\/wp-content\/uploads\/woocommerce-placeholder-600x600.png 600w, https:\/\/www.growmaster.sk\/eshop\/wp-content\/uploads\/woocommerce-placeholder-1024x1024.png 1024w, https:\/\/www.growmaster.sk\/eshop\/wp-content\/uploads\/woocommerce-placeholder-150x150.png 150w, https:\/\/www.growmaster.sk\/eshop\/wp-content\/uploads\/woocommerce-placeholder-768x768.png 768w, https:\/\/www.growmaster.sk\/eshop\/wp-content\/uploads\/woocommerce-placeholder.png 1200w\" sizes=\"auto, (max-width: 300px) 100vw, 300px\" \/><\/div>\n\t\t\t\t\t<div class=\"wc-block-grid__product-title\">Zvlh\u010dova\u010d vzduchu ultrasonicFOG\u00ae<\/div>\n\t\t\t\t<\/a>\n\t\t\t\t<div class=\"wc-block-grid__product-price price\"><span class=\"woocommerce-Price-amount amount\">159,00&nbsp;<span class=\"woocommerce-Price-currencySymbol\">&euro;<\/span><\/span><\/div>\n\t\t\t\t\n\t\t\t\t<div class=\"wp-block-button wc-block-grid__product-add-to-cart\"><a href=\"?add-to-cart=212\" aria-label=\"Add to cart: &ldquo;Zvlh\u010dova\u010d vzduchu ultrasonicFOG\u00ae&rdquo;\" data-quantity=\"1\" data-product_id=\"212\" data-product_sku=\"\" data-price=\"159\" rel=\"nofollow\" class=\"wp-block-button__link  add_to_cart_button ajax_add_to_cart\">Prida\u0165 do ko\u0161\u00edka<\/a><\/div>\n\t\t\t<\/li><\/ul><\/div><\/div><\/div>","protected":false},"excerpt":{"rendered":"","protected":false},"author":1,"featured_media":0,"parent":0,"menu_order":0,"comment_status":"closed","ping_status":"closed","template":"","meta":{"footnotes":""},"class_list":["post-7","page","type-page","status-publish","hentry"],"jetpack_sharing_enabled":true,"_links":{"self":[{"href":"https:\/\/www.growmaster.sk\/eshop\/wp-json\/wp\/v2\/pages\/7","targetHints":{"allow":["GET"]}}],"collection":[{"href":"https:\/\/www.growmaster.sk\/eshop\/wp-json\/wp\/v2\/pages"}],"about":[{"href":"https:\/\/www.growmaster.sk\/eshop\/wp-json\/wp\/v2\/types\/page"}],"author":[{"embeddable":true,"href":"https:\/\/www.growmaster.sk\/eshop\/wp-json\/wp\/v2\/users\/1"}],"replies":[{"embeddable":true,"href":"https:\/\/www.growmaster.sk\/eshop\/wp-json\/wp\/v2\/comments?post=7"}],"version-history":[{"count":4,"href":"https:\/\/www.growmaster.sk\/eshop\/wp-json\/wp\/v2\/pages\/7\/revisions"}],"predecessor-version":[{"id":256,"href":"https:\/\/www.growmaster.sk\/eshop\/wp-json\/wp\/v2\/pages\/7\/revisions\/256"}],"wp:attachment":[{"href":"https:\/\/www.growmaster.sk\/eshop\/wp-json\/wp\/v2\/media?parent=7"}],"curies":[{"name":"wp","href":"https:\/\/api.w.org\/{rel}","templated":true}]}}